8, -71 = -3*f - y. What is the remainder when f is divided by m(-1)?
7
Suppose -5615 - 10485 = -50*a. Calculate the remainder when a is divided by 67.
54
Suppose 5*l - 4*q = 26, 3*l + 5*q + 14 = -0*l. What is the remainder when (840/14)/(l - 1) - 2 is divided by 15?
13
Let w = 69 - 119. Let i = w + 62. What is the remainder when i is divided by 3?
0
Let t(k) = 5*k**2 - 18*k + 16. Calculate the remainder when t(5) is divided by 18.
15
Suppose -2*d - 102 = -24. Let x = -34 - d. Calculate the remainder when 33 is divided by x.
3
Suppose -2*f + 33 = -f - 3*y, -8 = 4*y. Let i = 47 - f. Suppose -1 = q - i. Calculate the remainder when 55 is divided by q.
17
Let r(a) = -a**3 + 13*a**2 - 29*a - 15. Calculate the remainder when r(8) is divided by 16.
9
Let n(l) = l + 30. Let o be (-808)/(-12)*6/4. Suppose -17 = -x + 4*z + o, 0 = -5*z. What is the remainder when x is divided by n(0)?
28
Suppose 0 = 4*p - 168 + 112. Calculate the remainder when 157 is divided by p.
3
Let m = -12 + 17. Let t(i) = 7*i - 19. Let v(q) = q**3 - 6*q**2 - q + 10. Let g be v(6). What is the remainder when t(g) is divided by m?
4
Suppose 6 = -2*l, o + 229 = 3*o + 3*l. Let d(m) = 7*m**2 - 3*m + 2. Let z be d(2). Suppose z = 3*x - 66. Calculate the remainder when o is divided by x.
29
Let f = -72 + 165. Calculate the remainder when f is divided by 32.
29
Suppose 2*t - 5*t = 0. Let j(a) = 3*a + 8. Calculate the remainder when 44 is divided by j(t).
4
Let d = 77 + 33. Calculate the remainder when d is divided by 19.
15
Suppose 6*r - 17 = 703. Suppose -46*n = -41*n - r. Calculate the remainder when 94 is divided by n.
22
Let c(z) = -z + 309. Calculate the remainder when c(30) is divided by 93.
0
What is the remainder when -4 - (-2 - (-6 - -112)) is divided by 28?
20
Suppose 0*j - 6 = j. Let u(n) = -n**2 - 6*n + 6. What is the remainder when 27 is divided by u(j)?
3
Let y be ((-16)/(-4) + -4)/1. Let p(f) = -f**3 + f**2 + f + 5. Let x be p(y). Suppose -15 = -x*w + 60. Calculate the remainder when 27 is divided by w.
12
Let f be -4*(-2 - (-3 - -2)). Let v be (-6)/3 + f/2. Suppose 5*y + 85 - 415 = v. Calculate the remainder when y is divided by 23.
20
Suppose q - 26 + 3 = 0. Let f(r) = r**3 + 14*r**2 + 20*r - 4. Calculate the remainder when f(-12) is divided by q.
21
Let b = 920 + -913. What is the remainder when 45 is divided by b?
3
Suppose 9*l = 5*l. Suppose -2*z + 6 = 0, 4*p + p + z - 128 = l. Calculate the remainder when p is divided by 13.
12
Suppose -3*x + 22 + 0 = 5*t, 0 = 4*x + 3*t - 22. Let s(w) = 2*w**2 + 9 - 9. What is the remainder when s(x) is divided by 11?
10
Let k(g) = 2*g**2 - 2*g + 11. Let c be k(-5). Let u = -39 + c. What is the remainder when 94 is divided by u?
30
What is the remainder when 58 is divided by 1/(-4 + (-1)/((-84)/340))?
16
Let o(f) = -3*f + 5. Suppose -4*x + 13*x + 17*x - 1404 = 0. Calculate the remainder when x is divided by o(-5).
14
Let p be 15 + -17 - 34/1. What is the remainder when (p/(-18))/(4/138) is divided by 24?
21
Suppose -4*v + 33 = -4*u + 205, 3*v + 221 = 5*u. Calculate the remainder when 132 is divided by u.
40
Let z(s) = -s + 4. Let k(o) = -o**3 - 14*o**2 - 1. Let i be k(-14). What is the remainder when 7 is divided by z(i)?
2
Let s(f) = -f**3 + 8*f**2 + 2*f - 11. Let o be s(8). Suppose 4*g + g - 289 = t, 0 = o*g + 4*t - 294. Calculate the remainder when g is divided by 15.
13
Let a = -408 - -429. Calculate the remainder when 265 is divided by a.
13
Let t = -123 - -135. Calculate the remainder when 56 is divided by t.
8
Suppose -i + x = -20, 2*i = -3*x - 7 + 72. Calculate the remainder when 269 is divided by i.
19
Suppose -3*j = -r - 25, 124 = -3*r - r + 4*j. Let n = -57 - r. Let x = -12 - n. What is the remainder when 41 is divided by x?
8
Let u be (-284)/(-16) - (-3)/12. Suppose 3*f + u = 39. Suppose 0 = g + 3*c - 0 + 1, 5*g - 59 = c. Calculate the remainder when g is divided by f.
4
Let z = 1172 - 1000. Calculate the remainder when z is divided by 9.
1
Let u be (-3)/5 + (-18)/(-5). Let r = -59 + 85. Suppose o = y - u + 1, 5*y - r = o. Calculate the remainder when y is divided by 2.
0
Let v = -62 + 128. Suppose -3*n = -0*n - 5*h - v, 3*n - 3*h = 60. Calculate the remainder when n is divided by 9.
8
Let t(v) = 5*v**2 + 8*v - 10. Calculate the remainder when t(5) is divided by 68.
19
Let l = -158 - -161. What is the remainder when 16 is divided by l?
1
Suppose 4*w = 2*x - 4*x + 12, 18 = 4*w - x. Suppose -3*c - 16 = -t, 2*t - c + w = 16. Suppose 51 - 7 = t*l. What is the remainder when 43 is divided by l?
10
Let b(m) = m**2 + 34*m + 67. Calculate the remainder when b(0) is divided by 37.
30
Suppose -41 = -i - 14. Suppose -2*l + 13 + 17 = 0. Calculate the remainder when i is divided by l.
12
What is the remainder when 15*(19887/280 - 3/(-8)) is divided by 179?
176
Let q(l) = -l**2 + 6*l - 2. What is the remainder when q(4) is divided by (-32)/(-4)*(-1)/(-2)?
2
Let v = -74 - -113. Suppose -216 = -3*j + v. What is the remainder when j is divided by 22?
19
Suppose -4*g - 30 = k + k, 0 = 4*g + 5*k + 45. Let l = g + 18. What is the remainder when 25 is divided by l?
12
Let n = 126 - -32. Calculate the remainder when n is divided by 54.
50
Let b(j) = 1432*j**2 + 10*j + 10. Calculate the remainder when b(-1) is divided by 35.
32
Let r(d) = -27*d**3 + d. What is the remainder when 42 is divided by r(-1)?
16
Let z(l) = 4*l**2 + 138*l - 34. Calculate the remainder when 196 is divided by z(-35).
16
Let h(k) = 43*k - 53. Let m(t) = -29*t + 35. Let r(d) = 5*h(d) + 8*m(d). Calculate the remainder when r(-7) is divided by 46.
42
Suppose 3*v + 6*o = o - 171, -5*o = -3*v - 141. Suppose g + 18 = 3. Let w = g - v. What is the remainder when w is divided by 13?
11
Let j = 46 - 28. Calculate the remainder when j is divided by 5.
3
Let u(s) = -5*s + 38. Let f be u(11). Let w = 135 + f. What is the remainder when w is divided by 15?
13
Let u(q) = 3*q - 19. Calculate the remainder when 78 is divided by u(9).
6
Suppose -k + 0*k - h = 11, k + 5*h = 5. Suppose -3*w + i = -80, 3*i - 5*i - 82 = -3*w. Let j = w + k. Calculate the remainder when j is divided by 7.
4
Let w(c) = c**3 - 5*c**2 + 5*c - 2. Let r be (3/(-9))/((-2)/30). Calculate the remainder when 89 is divided by w(r).
20
Let g(r) = 111*r + 4. Let v = 37 - 8. Calculate the remainder when g(1) is divided by v.
28
Let d be -31*10*(-4)/(-8). Let u = -82 - d. Suppose t = -4*z + 15, -4*t + u = 6*z - 3*z. Calculate the remainder when 56 is divided by t.
18
Let x be -1 + (-36)/(-44) + 218/(-11). Let k = -8 - x. What is the remainder when k is divided by ((-1 - 5)/(-2))/1?
0
Suppose 3*w + 166 = 175. Calculate the remainder when 16 is divided by w.
1
Let l = -11 - -10. Let o be (2 - 3)*l*-35. Let w = 102 + o. Calculate the remainder when w is divided by 35.
32
Let t = 0 + 2. Suppose -4*v = 5*l - 0*v - 380, -t*l = -3*v - 129. Calculate the remainder when l is divided by 15.
12
Suppose -q + 3*m = 12, m + 7 + 0 = 4*q. Suppose -q*t + 27 = 4*w, 4*w - 9 = -0*t - t. Calculate the remainder when t is divided by 4.
1
Suppose 0 = -3*t - 2*t + 4*p + 27, 24 = 3*t - 5*p. Suppose k + 13 = 2*o, 0 = -2*k + 7 + t. Calculate the remainder when 26 is divided by o.
8
Let c be 4/5 - 246/(-30). Suppose -5*a = c - 29. Suppose a = -d + 21. Calculate the remainder when 32 is divided by d.
15
Let h(p) = 2*p**2 - 4*p - 2. Suppose -20 = -j - 5. Calculate the remainder when h(5) is divided by j.
13
Suppose d - 3*d = -8. Suppose 3 + 9 = -d*n. Calculate the remainder when (-27)/6*4/n is divided by 2.
0
Suppose -28*p + 25*p = -2040. What is the remainder when p is divided by 31?
29
Let u = -13 + 7. Let z = 13 + -2. Let p = z + u. What is the remainder when 18 is divided by p?
3
Let g = 311 + -253. What is the remainder when 229 is divided by g?
55
Calculate the remainder when 267 is divided by 27/(-2)*(10 - 4)/(-1).
24
Suppose -43*c = -42*c - 3*k - 573, 0 = 2*c - 3*k - 1137. Calculate the remainder when c is divided by 63.
60
Let i(b) = b**3 + 3*b**2 - 7*b - 7. Calculate the remainder when i(4) is divided by 41.
36
What is the remainder when (96 + 18)/19*(84 + 2) is divided by 4?
0
Let h = 315 - 313. What is the remainder when 21 is divided by h?
1
Let p(c) = c**3 - 6*c**2 - 17*c + 9. Let z be p(9). Suppose -z = -3*v + 4*x, 60 - 8 = v + 5*x. W